 121 and 33?
11
Calculate the greatest common divisor of 589 and 31.
31
Calculate the greatest common factor of 20 and 1205.
5
Calculate the highest common factor of 2485 and 28.
7
What is the greatest common divisor of 18 and 414?
18
Calculate the highest common divisor of 252 and 19026.
126
What is the greatest common divisor of 81 and 11097?
81
Calculate the greatest common divisor of 20 and 250.
10
Calculate the highest common divisor of 259 and 49469.
259
What is the highest common divisor of 234 and 286?
26
Calculate the highest common factor of 80 and 32.
16
What is the highest common divisor of 166 and 1577?
83
What is the highest common factor of 174 and 203?
29
Calculate the greatest common factor of 1360 and 20.
20
What is the highest common factor of 2976 and 448?
32
Calculate the greatest common factor of 1891 and 488.
61
What is the greatest common divisor of 18 and 4608?
18
What is the highest common divisor of 1380 and 5?
5
What is the greatest common factor of 8 and 34?
2
Calculate the highest common factor of 224 and 308.
28
Calculate the highest common factor of 96 and 48.
48
Calculate the highest common factor of 2508 and 1064.
76
What is the highest common divisor of 248 and 62?
62
Calculate the greatest common divisor of 1111 and 11.
11
What is the greatest common factor of 110 and 20?
10
What is the highest common divisor of 66800 and 16?
16
What is the highest common divisor of 371 and 2438?
53
Calculate the highest common factor of 56 and 84.
28
What is the highest common divisor of 27 and 1809?
27
What is the greatest common divisor of 332 and 3818?
166
What is the greatest common factor of 171 and 437?
19
Calculate the greatest common divisor of 228 and 171.
57
Calculate the highest common factor of 84 and 96.
12
Calculate the greatest common divisor of 525 and 225.
75
What is the greatest common divisor of 618 and 4?
2
Calculate the greatest common factor of 36 and 180.
36
Calculate the highest common factor of 28 and 266.
14
Calculate the greatest common divisor of 11 and 704.
11
Calculate the highest common factor of 12558 and 276.
138
Calculate the greatest common divisor of 20701 and 163.
163
Calculate the greatest common factor of 224 and 4.
4
Calculate the highest common divisor of 162 and 51.
3
Calculate the highest common factor of 170 and 5814.
34
What is the highest common divisor of 116 and 754?
58
Calculate the greatest common factor of 18 and 351.
9
What is the highest common divisor of 6 and 186?
6
What is the highest common divisor of 91 and 364?
91
What is the highest common factor of 2436 and 14?
14
What is the greatest common divisor of 46 and 10442?
46
Calculate the greatest common factor of 6 and 24342.
6
Calculate the highest common factor of 3 and 321.
3
Calculate the greatest common factor of 20 and 2170.
10
Calculate the highest common factor of 286 and 13.
13
What is the highest common divisor of 1703 and 39?
13
Calculate the highest common divisor of 187 and 11.
11
What is the greatest common factor of 88 and 1608?
8
Calculate the highest common factor of 6 and 18714.
6
What is the highest common factor of 14 and 224?
14
Calculate the highest common factor of 819 and 42.
21
What is the highest common divisor of 231 and 105?
21
What is the highest common divisor of 32 and 244?
4
Calculate the greatest common divisor of 60 and 810.
30
What is the greatest common factor of 187 and 34?
17
What is the greatest common divisor of 2892 and 24?
12
What is the greatest common divisor of 581 and 7?
7
What is the greatest common divisor of 120 and 320?
40
Calculate the highest common factor of 897 and 39.
39
What is the highest common divisor of 38818 and 26?
26
What is the highest common factor of 30 and 12370?
10
Calculate the greatest common divisor of 988 and 52.
52
Calculate the greatest common divisor of 549 and 9.
9
Calculate the greatest common divisor of 152 and 190.
38
Calculate the highest common divisor of 16 and 4576.
16
What is the greatest common divisor of 25 and 1125?
25
What is the greatest common divisor of 21 and 12?
3
Calculate the highest common factor of 85 and 130.
5
Calculate the greatest common divisor of 42 and 2982.
42
Calculate the greatest common factor of 2736 and 76.
76
Calculate the highest common factor of 900 and 72.
36
Calculate the highest common divisor of 153 and 442.
17
Calculate the greatest common factor of 12 and 316.
4
Calculate the highest common divisor of 3078 and 57.
57
Calculate the greatest common divisor of 1288 and 616.
56
Calculate the highest common factor of 46 and 5543.
23
What is the highest common divisor of 304 and 1292?
76
What is the highest common factor of 4009 and 19?
19
What is the greatest common factor of 26418 and 444?
222
What is the greatest common factor of 343 and 14?
7
Calculate the highest common divisor of 8 and 3040.
8
Calculate the greatest common factor of 120 and 15.
15
Calculate the highest common divisor of 132 and 7392.
132
What is the highest common divisor of 7 and 119?
7
What is the greatest common divisor of 1308 and 192?
12
Calculate the highest common divisor of 65 and 6357.
13
Calculate the greatest common factor of 3 and 20721.
3
What is the highest common divisor of 259 and 28?
7
What is the highest common factor of 16 and 13432?
8
What is the greatest common divisor of 952 and 102?
34
What is the highest common factor of 82 and 24354?
82
Calculate the greatest common factor of 110 and 44.
22
What is the highest common factor of 141 and 1645?
47
What is the greatest common factor of 646 and 399?
19
What is the highest common factor of 20 and 340?
20
Calculate the highest common divisor of 84 and 44.
4
Calculate the highest common divisor of 10857 and 77.
77
Calculate the greatest common factor of 266 and 9975.
133
What is the greatest common factor of 25 and 2675?
25
Calculate the highest common factor of 247 and 72371.
247
Calculate the highest common factor of 35 and 945.
35
What is the highest common divisor of 162 and 138?
6
Calculate the greatest common divisor of 48 and 1968.
48
Calculate the highest common divisor of 636 and 28.
4
What is the highest common factor of 3834 and 162?
54
Calculate the greatest common divisor of 74 and 8362.
74
What is the highest common divisor of 21 and 48?
3
Calculate the highest common divisor of 132 and 84.
12
Calculate the highest common factor of 3 and 57.
3
Calculate the greatest common divisor of 1225 and 25.
25
Calculate the greatest common factor of 2914 and 93.
31
Calculate the greatest common factor of 2 and 47.
1
Calculate the greatest common factor of 530 and 430.
10
What is the highest common divisor of 637 and 39?
13
What is the highest common factor of 216 and 12582?
54
Calculate the greatest common divisor of 52 and 8.
4
What is the highest common factor of 49 and 14?
7
Calculate the highest common factor of 79 and 2923.
79
What is the highest common divisor of 480 and 930?
30
What is the greatest common factor of 446 and 8251?
223
Calculate the highest common divisor of 132 and 60.
12
What is the greatest common divisor of 425 and 2275?
25
What is the highest common divisor of 108 and 90?
18
What is the highest common factor of 365 and 5?
5
Calculate the greatest common factor of 405 and 45.
45
Calculate the highest common divisor of 3344 and 171.
19
What is the highest common divisor of 4780 and 100?
20
Calculate the highest common factor of 7 and 119.
7
What is the greatest common divisor of 44 and 429?
11
Calculate the greatest common divisor of 1520 and 3200.
80
Calculate the highest common divisor of 20 and 790.
10
Calculate the greatest common divisor of 765 and 119.
17
Calculate the greatest common factor of 2398 and 88.
22
What is the greatest common divisor of 748 and 2176?
68
What is the highest common divisor of 96 and 800?
32
What is the greatest common divisor of 1432 and 12?
4
Calculate the greatest common factor of 50726 and 26.
26
Calculate the greatest common divisor of 216 and 162.
54
Calculate the greatest common factor of 112 and 176.
16
Calculate the greatest common divisor of 22 and 125026.
22
What is the highest common divisor of 35 and 217?
7
What is the highest common factor of 984 and 408?
24
Calculate the highest common diviso